 456. Determine s(9).
195
Let q(g) = -g**2 - 51*g - 61. Calculate q(-52).
-113
Let x(z) = 2*z**2 + 334*z - 5899. Determine x(16).
-43
Let a(x) = x**3 - x**2 - 15*x + 26. Determine a(2).
0
Let o(p) = -7*p + 149. Calculate o(24).
-19
Let a(o) = o**3 + 12*o**2 + 26*o - 7. Give a(-9).
2
Let t(g) = 100*g - 19. What is t(-2)?
-219
Let d(r) = 2*r**3 + r**2 - 2*r + 12. Calculate d(4).
148
Let k(l) = -l**3 - 22*l**2 + 104*l - 98. Give k(-26).
-98
Let z(o) = 3*o**2 - 79*o - 4563. What is z(-28)?
1
Let q(w) = w**3 - 4*w**2 + 7*w + 1. What is q(2)?
7
Let i(h) = 10*h**2 - 18*h + 17. Calculate i(2).
21
Let u(j) = -j**3 - 29*j**2 - j - 83. What is u(-29)?
-54
Let o(d) = d**2 - 22*d + 15. Determine o(21).
-6
Let g(l) = 23*l**2 - l + 23. What is g(-2)?
117
Let h(u) = 123*u + 3941. Calculate h(-32).
5
Let v(q) = -8655*q + 17305. Give v(2).
-5
Let n(y) = -2*y**2 - 124*y - 1425. What is n(-11)?
-303
Let j(o) = 98*o + 1030. Give j(-11).
-48
Let g(h) = h**3 - 25*h**2 + 47*h - 12. Calculate g(23).
11
Let u(w) = -8*w**2 - 283*w - 90. What is u(-35)?
15
Let y(h) = 38*h - 454. Calculate y(12).
2
Let y(q) = 2*q**3 - 2*q**2 + 17*q + 62. What is y(-5)?
-323
Let z(x) = 5*x**2 - 6*x + 5. Give z(2).
13
Let u(o) = o**3 + 12*o**2 + 36*o + 9. Give u(-7).
2
Let d(y) = -10*y - 351. Determine d(-26).
-91
Let n(x) = -2*x**3 + x**2 - 15*x + 82. Give n(0).
82
Let h(l) = -235*l - 9143. What is h(-39)?
22
Let z(t) = 3*t**2 + 78*t + 78. Give z(-24).
-66
Let o(d) = -4*d**2 - 147*d + 40. Give o(-37).
3
Let n(t) = 13*t**2 - 8*t - 3. What is n(0)?
-3
Let m(q) = q**2 + 194*q + 6801. Give m(-46).
-7
Let a(d) = -d**3 + 11*d**2 + 146*d + 119. What is a(19)?
5
Let o(k) = -k**3 + 91*k**2 + 482*k - 130. Determine o(96).
62
Let u(n) = 4*n**3 - 90*n**2 + 48*n + 7. Determine u(22).
95
Let i(d) = 74*d + 1104. What is i(-15)?
-6
Let a(y) = -2*y**3 + 2*y**2 - 18*y - 6. What is a(4)?
-174
Let h(l) = l**3 - 15*l**2 - 30*l + 47. Determine h(17).
115
Let d(q) = 5*q**2 + 117*q - 69. Calculate d(-24).
3
Let t(i) = i**3 + 39*i**2 + 40*i + 99. What is t(-38)?
23
Let l(k) = 194*k**2 + 582*k - 1. Determine l(-3).
-1
Let y(z) = z**3 - 114*z**2 + 436*z + 498. Determine y(110).
58
Let d(o) = -5*o**3 + 9*o**2 - 4*o - 2. Determine d(3).
-68
Let f(k) = k**3 + 7*k**2 + 96*k + 536. What is f(-6)?
-4
Let i(w) = -12*w**3 + 2*w**2 + 4*w - 4. Determine i(2).
-84
Let n(f) = -f**3 - 24*f**2 + 6*f - 8. What is n(-24)?
-152
Let l(w) = 290*w + 2326. Give l(-8).
6
Let h(b) = b**2 - 59*b + 732. Determine h(41).
-6
Let c(n) = -2*n**2 - 21*n + 205. What is c(9)?
-146
Let m(b) = -4*b**2 + 11*b - 11. Give m(3).
-14
Let f(p) = -214*p + 186. Give f(1).
-28
Let s(w) = -w**2 - 94*w - 1425. Calculate s(-75).
0
Let j(p) = p**3 - 34*p**2 - 207*p - 15. Calculate j(-5).
45
Let k(n) = -n**3 + 77*n**2 - 883*n + 25. Give k(63).
-38
Let s(m) = -m**3 + 65*m**2 + 133*m + 89. What is s(67)?
22
Let b(t) = 2*t**3 - 2*t**2 - 21*t + 22. Give b(1).
1
Let g(x) = 8*x**2 - 50*x - 592. Calculate g(-6).
-4
Let o(v) = 4*v**2 - 12*v - 24. Give o(-5).
136
Let c(q) = -q**3 - 52*q**2 + 133*q + 1351. Calculate c(-54).
1
Let j(c) = 242*c + 3864. Give j(-16).
-8
Let v(z) = -2*z**3 + 146*z**2 - 140*z - 121. What is v(72)?
167
Let x(r) = -3*r**2 - 3768*r + 41815. Determine x(11).
4
Let n(q) = -10*q - 294. Calculate n(-17).
-124
Let k(i) = 44*i + 5. What is k(-1)?
-39
Let p(m) = -72*m - 189. Give p(-6).
243
Let r(k) = 39*k + 36. Determine r(2).
114
Let c(z) = -z**2 + 4*z + 252. Give c(-19).
-185
Let b(r) = 2*r**2 - 59*r - 445. Determine b(25).
-670
Let r(y) = 2*y + 21. Determine r(16).
53
Let j(d) = -2*d**2 - 828*d - 4179. Determine j(-5).
-89
Let v(k) = -k**3 + 23*k**2 - 4*k + 43. Calculate v(23).
-49
Let a(z) = -22071*z - 264848. Determine a(-12).
4
Let z(n) = 4*n**2 - 237*n + 470. Calculate z(2).
12
Let t(j) = 2*j**2 - 27*j - 194. Give t(-5).
-9
Let c(v) = v**3 + 17*v**2 + 56*v + 9. What is c(-12)?
57
Let v(s) = s**3 - 26*s**2 - 1592*s + 84. Give v(-29).
-3
Let s(d) = -d**3 - 32*d**2 + 230*d + 69. Calculate s(-38).
-7
Let w(i) = -15*i**2 - 13*i - 3. Give w(-2).
-37
Let i(c) = -12*c**3 - 565*c**2 - 46*c + 61. What is i(-47)?
14
Let q(f) = f**2 + 91*f + 528. What is q(-83)?
-136
Let s(t) = t**3 - 35*t**2 + 16*t - 562. Calculate s(35).
-2
Let d(p) = 3*p**2 + 1932*p - 11708. Determine d(6).
-8
Let p(w) = -80*w + 5156. Give p(64).
36
Let j(h) = -2*h**2 - 32*h + 113. Determine j(-19).
-1
Let q(r) = -87*r + 179. What is q(2)?
5
Let l(u) = -u + 16. What is l(10)?
6
Let l(g) = -g**3 - 55*g**2 - 36*g + 982. Calculate l(-54).
10
Let r(a) = -9*a**2 + 451*a - 57. What is r(50)?
-7
Let n(g) = g**2 + 7*g - 12. Calculate n(-13).
66
Let h(i) = 29*i - 2738. Give h(95).
17
Let r(q) = 106*q - 11. What is r(-1)?
-117
Let o(c) = c**2 - 159*c + 1203. Determine o(151).
-5
Let z(x) = -8*x + 63. What is z(-4)?
95
Let i(j) = -j**3 - 17*j**2 + 23*j + 62. Determine i(-18).
-28
Let h(u) = u**2 + 18*u - 32. What is h(0)?
-32
Let y(t) = 30*t**3 - 13*t + 33. Give y(2).
247
Let b(m) = -m**3 + 10*m**2 + 20*m - 78. What is b(11)?
21
Let z(w) = -29*w - 79. Calculate z(-6).
95
Let h(o) = -13*o + 131. Calculate h(-4).
183
Let a(d) = 2*d**3 + 8*d**2 + 12*d - 16. Determine a(2).
56
Let p(l) = -l**3 - 7*l**2 - 6*l + 17. What is p(-5)?
-3
Let j(k) = 2*k**2 + 2*k - 103. Calculate j(11).
161
Let r(y) = 2*y**3 - 21*y**2 + 75*y - 16. Determine r(5).
84
Let u(t) = -t**3 - 33*t**2 - 49*t - 276. What is u(-32)?
268
Let o(g) = g**3 + 73*g**2 + 520*g - 2. Give o(-65).
-2
Let m(n) = -n**2 + 78*n - 1255. Give m(28).
145
Let l(f) = 132*f - 4357. What is l(33)?
-1
Let g(i) = i**3 + 110*i**2 - 212*i + 1343. What is g(-112)?
-1
Let t(c) = 12187*c + 146230. Give t(-12).
-14
Let x(b) = -8*b + 21. What is x(2)?
5
Let k(x) = -x**3 + 18*x**2 - 34*x + 292. What is k(17)?
3
Let o(u) = 8*u**2 - 64*u + 436. Calculate o(9).
508
Let u(y) = 439*y + 485. Calculate u(-2).
-393
Let d(p) = -3*p**3 + 288*p**2 + p - 97. Calculate d(96).
-1
Let l(s) = 2*s**3 + 10*s**2 - 11*s - 52. What is l(-5)?
3
Let w(z) = z**3 + 11*z**2 + 28*z + 8. Give w(-15).
-1312
Let k(i) = 9*i**2 + 62*i - 8. Calculate k(-7).
-1
Let d(x) = -14*x**3 + 3*x**2 + 2*x + 6. Give d(-2).
126
Let z(k) = -k**3 + 7*k**2 - 12*k + 97. Determine z(7).
13
Let d(h) = 59*h + 714. Give d(-12).
6
Let x(r) = -205*r + 3475. Determine x(17).
-10
Let v(g) = 3*g**2 + 269*g - 340. What is v(-91)?
24
Let k(o) = 162*o**2 + 788*o - 111. Determine k(-5).
-1
Let y(w) = 4132*w - 103292. Determine y(25).
8
Let h(p) = 215*p + 8382. What is h(-39)?
-3
Let l(w) = -9*w - 269. Determine l(-32).
19
Let v(r) = -r**2 - 8*r + 797. Calculate v(24).
29
Let a(b) = b**3 + 4*b**2 - 62*b - 9. Calculate a(6).
-21
Let a(m) = -2*m**2 - 43*m + 91. Determine a(-24).
-29
Let n(l) = -l**3 + 33*l + 35. Give n(-8).
283
Let q(r) = 2*r**3 - 4*r**2 - 14*r + 70. What is q(5)?
150
Let u(q) = 76*q**2 - 458*q - 16. Calculate u(6).
-28
Let g(l) = -732*l - 44647. Determine g(-61).
5
Let v(d) = 944*d + 17938. What is v(-19)?
2
Let p(y) = -399*y - 798. What is p(-3)?
399
Let q(n) = 495*n - 17816. Calculate q(36).
4
Let l(n) = 7860*n - 23578. Determine l(3).
2
Let y(j) = 2*j**3 - 103*j**2 + 49*j - 124. Calculate y(51).
-226
Let b(l) = -11*l + 165. Calculate b(16).
-11
Let d(b) = b**3 + 131*b**2 + 1836*b - 503. Calculate d(-115).
-43
Let x(r) = 24*r**3 - 384*r**2 - 6*r + 19. What is x(16)?
-77
Let r(d) = -2*d**3 + 112*d**2 - 91*d - 1019. Calculate r(55).
26
Let d(b) = 5*b**2 - 137*b + 23. Calculate d(27).
-31
Let u(k) = k**2 + 56*k - 186. Calculate u(3).
-9
Let d(t) = 10*t + 141. Calculate d(-28).
-139
Let n(w) = -9*w**2 - 403*w + 89. Give n(-45).
-1
Let j(n) = -25*n - 218. Give j(-12).
82
Let z(i) = i**3 + 21*i**2 - 69*i + 42. What is z(-24)?
-30
Let t(v) = -395*v + 557. Determine t(2).
-233
Let r(l) = 3*l**3 - 6*l**2 + 2*l + 25. Determine r(-4).
-271
Let p(q) = 162*q + 29483. Calculate p(-182).
-1
Let a(k) = -17*k**2 - 2620*k - 279. Calculate a(-154).
29
Let p(x) = 37*x + 244. Determine p(-9).
-89
Let s(n) = -1984*n + 22. What is s(0)?
22
Let g(d) = -d**2 - 20*d + 18. Determine g(-22).
-26
Let i(v) = -3*v**2 + 8*v + 61. What is i(8)?
-67
Let j(b) = -b**3 - 14*b**2 + 27*b + 182. Calculate j(-15).
2
Let x(h) = 8*h**2 - 280*h - 285. Give x(-1).
3
Let t(x) = -68*x**2 + 410*x - 12. Calculate t(6).
0
Let x(t) = -3*t**3 - 36*t**2 - 21*t +